e t(0). Suppose f - m = 5. What is the units digit of (-3)/2*(-8)/f?
2
Let n(a) = -a**2 - 8*a - 5. Let r be n(-7). Suppose -4 = -r*x + 2. What is the units digit of x?
3
Let v = 9 + -11. What is the tens digit of 31 + -4 - (-6)/v?
2
Let g(k) = k**3 + 2*k**2 + 4*k - 7. What is the units digit of g(3)?
0
Let z = 322 - 222. Suppose 2*m = 7*m - z. What is the tens digit of m?
2
Let v be 5/((-5)/(-2)) - 2. Let w = 3 + v. What is the units digit of w - (2 - 2)/(-2)?
3
Suppose -4*f - f = -70. Suppose z = -z + f. Suppose 0 = -q + t + 5, -t = -q + 2*t + z. What is the units digit of q?
4
Let z(u) = 4 - 4*u + 0*u**2 - 3*u**2 + 4*u**2. What is the units digit of z(5)?
9
Suppose 4*i - 40 = 4*o, 0 = 2*o - 0*o + 5*i - 15. Let y = 4 - o. What is the units digit of y?
9
Suppose -w = 4 - 60. What is the units digit of w?
6
Suppose -4*s + 0*s = 288. Let b be ((-6)/(-8))/((-3)/s). Suppose -5*y + b = -2, -24 = -f - 4*y. What is the units digit of f?
8
Let x = 8 - -14. Suppose -5*t + 162 = x. What is the units digit of t?
8
Suppose 2*f - 122 = 4*q, 0 = -4*f + q - 5*q + 304. What is the tens digit of f?
7
What is the tens digit of 5/(-2)*876/(-15)?
4
Suppose -5*k + 10*k - 4*l = -28, 4*l = -12. Let a(r) = -r**3 - 7*r**2 + 6*r + 3. What is the tens digit of a(k)?
1
Let w(a) = -9*a + 3. Suppose 2*n + 2 = -4. What is the tens digit of w(n)?
3
Suppose 10*z - 8*z = 250. What is the units digit of z?
5
Suppose 3*f = 4*i + f - 32, -2*i + 5*f = 0. What is the tens digit of 36/i*1*5?
1
Let o = 7 - 6. What is the units digit of (17/4)/(o/4)?
7
Suppose -4*p - 2*z = -156, -112 = -p - 2*p - 4*z. What is the units digit of p?
0
Let p be 20/8*(14 - 0). Suppose -3*t = 2*t - p. Suppose 3*n + 1 - t = 0. What is the units digit of n?
2
Let k be (-10)/4*16/(-10). Let y = 1 - k. What is the units digit of 7 - (y - (1 - 2))?
9
Let y = 141 + -90. What is the units digit of y?
1
Suppose 4*o + 156 = 7*o. What is the tens digit of o?
5
Suppose 5*w - 3*w - 114 = 0. What is the tens digit of w?
5
Suppose 2*o - o = -5*z + 12, -2*z = -o - 16. Let l(y) = 10*y + 0 - 9 - 9*y**2 - 20*y - y**3. What is the units digit of l(o)?
7
Suppose o + 5*y - 3 = 0, o - 2*y - 15 + 5 = 0. Suppose 14 = b + 3*z, -4*b + o = -3*b + 5*z. What is the tens digit of b?
2
Suppose 0 = -0*c - 3*c. Suppose c*z - 2*z - 24 = 3*h, -2*h = 2*z + 16. Let s(m) = m**2 + 8*m + 6. What is the units digit of s(h)?
6
Suppose t + 0*t = 2, 4*n + 5*t - 34 = 0. Suppose 0 = -5*w + a + 10, -2*w - 4*a + 3 + 1 = 0. Suppose n*c - 4*c = w. What is the units digit of c?
1
Let m(w) = 2*w - 1. Let c be m(2). Suppose -4*u = 5*v + 16, -v - 4*u = -c*u + 4. Suppose -q = x + q - 16, x + 4*q - 26 = v. What is the units digit of x?
6
Let k = -33 - -61. Suppose -3*j = 5*p - 48, -2*j + 0*j + k = 2*p. What is the units digit of j?
1
Let p(s) = 2*s**2 + 5*s - 1. Let z(i) = -3*i**2 - 4*i + 1. Let x(u) = 4*p(u) + 3*z(u). Let h be x(4). Suppose -m = 4*m - h. What is the units digit of m?
3
Let p = 16 - 11. Let l(h) = -h**3 + 6*h**2 - 2*h - 3. What is the units digit of l(p)?
2
Let j(y) = -4*y**3 + 7*y**2 + 3*y - 2. Let p(v) = -5*v**3 + 8*v**2 + 4*v - 2. Let d(t) = 4*j(t) - 3*p(t). What is the units digit of d(2)?
6
Let b(r) = -4*r**3 + r**2. Let w be b(-1). Let z = w - 0. What is the units digit of z?
5
Suppose -n - 2*n - 6 = 0. Let w = 22 + n. What is the units digit of w?
0
Suppose 2*k = -k + 12. Let j = -1 + k. What is the units digit of j?
3
Let h = 114 - 72. What is the units digit of h?
2
Suppose 605 = 2*x + 3*w, -4*x + w + 1195 = 2*w. What is the hundreds digit of x?
2
Let y(i) = -69*i - 4. What is the hundreds digit of y(-4)?
2
Let m(i) = i**2 + 3*i. Let z be m(-4). Suppose 0*x = 4*x - 20, 5*x = -z*g + 29. What is the units digit of g?
1
Let w(i) = 4*i + 10. What is the tens digit of w(8)?
4
Suppose 3*t + 2 + 10 = -z, -4*t - 8 = 4*z. Let q be ((-2)/3)/(z/(-9)). Suppose -5*u - x + 30 = -6*x, -x - 11 = -q*u. What is the units digit of u?
5
Let b(p) = 4*p - 5*p + 3 - 9. Let g be b(-8). Suppose 14 = -0*x + g*x. What is the units digit of x?
7
Let n be (-3 - 3)*(0 - 1). Suppose 3*v - n = -3*h - v, 0 = 4*h - v + 11. What is the units digit of 5 - h - (-2 + 3)?
6
Let i(w) = 4*w**2 - 6*w + 2. What is the units digit of i(4)?
2
Let f = 49 + 31. What is the units digit of f?
0
Let d(j) = -j**3 + 2*j**2 + 3*j + 2. Let s be d(3). Suppose 2*z + 3*z = s*n - 39, -4*z - 12 = 0. What is the units digit of n?
2
Suppose -2*c - 3*r = -c - 20, -2*r - 52 = -4*c. What is the tens digit of c?
1
Suppose -2 = -0*t + 2*t. What is the tens digit of (-380)/(-30) - t/3?
1
Suppose -88 = -4*h - 48. What is the units digit of h?
0
Suppose 0 = -13*x + 5146 - 1064. What is the tens digit of x?
1
Let u(y) = 2*y - 1. Let n = 4 - 2. Let t be u(n). What is the units digit of (1 - 0) + t + -3?
1
Suppose -4*d = -b + d - 8, 4 = -b + d. Let s(h) = -5*h. What is the tens digit of s(b)?
1
Suppose 3*x - 19 = -64. Let d = 0 - x. What is the tens digit of d?
1
Suppose 7 + 19 = -2*l. Let y be l/(-3) - 6/(-9). Suppose -y*d + d + 8 = 0. What is the units digit of d?
2
Let i(m) = -1 - 4*m + 0*m**2 - m**2 + 2. Let u = -2 + -1. What is the units digit of i(u)?
4
Let b(y) = y - 4. Let i be ((-36)/8)/(1/(-2)). Let a be b(i). Suppose -u = -a - 2. What is the units digit of u?
7
Suppose -2*h + 4*h = -3*d + 14, 7 = 3*d - 5*h. Suppose 0 = -3*n - 3*f + 117, 0 = -0*n - n + d*f + 64. What is the tens digit of n?
4
Suppose -p = 3*c - 7*c - 205, 0 = -c + 5. What is the tens digit of ((-2)/(-5))/(9/p)?
1
Suppose -3*n = -0*n - 12. Let d(r) = r + 4. What is the units digit of d(n)?
8
Suppose 0 = 5*r - 2*g + 4 + 2, 3*r + 15 = 5*g. Suppose 3*c + 2*c - 95 = r. What is the units digit of c?
9
Let l = 5 - 9. Let o be 1 + -1 - (l + 1). Suppose -o = c - 21. What is the tens digit of c?
1
Suppose -5*j + 163 = -142. What is the units digit of j?
1
Let c(s) = s**2 - 4*s - 5. What is the tens digit of c(10)?
5
Suppose 2*z - 67 = 51. What is the tens digit of z?
5
Suppose -q + 10 = 4*q. Let w be (18/15)/(q/5). Suppose w*l - 2*l - 11 = 0. What is the units digit of l?
1
Suppose 0*g + 131 = g. What is the units digit of g?
1
Let k(y) = -6*y + 21. What is the tens digit of k(-3)?
3
Let z = 44 + 1. Let s = z - 30. What is the units digit of s?
5
Suppose 5*s = 3*g - 199, -5*s - 164 = -2*g - 33. What is the tens digit of g?
6
Let u(i) = 6*i**2 + 3*i - 2. What is the tens digit of u(2)?
2
Let m(c) be the first derivative of 7*c**5/120 + c**3 - 2. Let p(b) be the third derivative of m(b). What is the units digit of p(1)?
7
Let p = 11 - 7. Suppose -p*o = o - 25. Suppose -3*g = 4*z - o, 0 = z - 4*z - 4*g - 5. What is the units digit of z?
5
Let t = -29 + 11. Let s = 13 - t. What is the tens digit of s?
3
Let u(d) = d**2 + 6*d + 6. Let c be u(-7). Suppose -2 = -a + c. What is the tens digit of a?
1
Suppose -2*t = -3 + 1, -1301 = -3*s + t. What is the hundreds digit of s?
4
Let n = 94 + -80. What is the units digit of n?
4
Suppose -187 - 25 = -4*a. What is the units digit of a?
3
Suppose 0 = 2*o + y - 709, o - 3*y - 34 = 331. What is the units digit of o?
6
Suppose 0 = 5*y - 182 - 223. What is the tens digit of y?
8
Suppose 0*c + 5*c + 99 = 3*k, -k - 2 = 0. Let m = c + 34. What is the tens digit of m?
1
Let x(m) = -28*m + 3. What is the tens digit of x(-5)?
4
Let w(y) be the second derivative of y**5/20 + y**4/3 + 2*y**3/3 + 4*y. Let b be w(-3). Let n = 18 + b. What is the tens digit of n?
1
What is the units digit of 2 - 0 - (-38 + 2)?
8
Let u be (-76)/(-18) + 14/(-63). Suppose u*c = 6*c - 26. What is the tens digit of c?
1
Let k(v) = -v**2 + 4*v - 3. Let c be k(3). Suppose -5*f - 2*z = -57, c = -f - f + 2*z + 34. What is the tens digit of f?
1
Let n be -64 + 0 + -1*2. Let c be n/(-8) + (-3)/12. Suppose -5*y = -28 + c. What is the units digit of y?
4
Let l = 104 - 65. What is the tens digit of l?
3
Let o(j) = 3*j - j**3 + 5*j**2 + 3*j + 7 + 0. Let v(t) = -t**2 - 5*t. Let r be v(-3). What is the units digit of o(r)?
7
Suppose -3*f + 24 = -0*j + 2*j, 3*f = 12. Let q = j - -6. Suppose q = 4*w - 2*w. What is the units digit of w?
6
Let f = -13 - 0. Let b = -5 - f. What is the units digit of b?
8
Suppose 0 = 41*t - 44*t + 516. What is the units digit of t?
2
Let i(k) = 15*k + 13. What is the units digit of i(4)?
3
Let l(x) = x**3 - 5*x**2 - 4*x 